What is the thousands digit of 11060?
1
What is the tens digit of 10631?
3
What is the thousands digit of 3622?
3
What is the thousands digit of 1286?
1
What is the thousands digit of 9326?
9
What is the units digit of 16841?
1
What is the thousands digit of 4805?
4
What is the hundreds digit of 68885?
8
What is the thousands digit of 18198?
8
What is the thousands digit of 9856?
9
What is the hundreds digit of 11834?
8
What is the thousands digit of 1161?
1
What is the hundreds digit of 3157?
1
What is the thousands digit of 8465?
8
What is the hundreds digit of 5825?
8
What is the hundreds digit of 61113?
1
What is the thousands digit of 42247?
2
What is the thousands digit of 78072?
8
What is the hundreds digit of 428?
4
What is the hundreds digit of 9735?
7
What is the hundreds digit of 8046?
0
What is the units digit of 2892?
2
What is the thousands digit of 3329?
3
What is the tens digit of 25681?
8
What is the tens digit of 13373?
7
What is the units digit of 46066?
6
What is the tens digit of 1695?
9
What is the hundreds digit of 381?
3
What is the ten thousands digit of 18582?
1
What is the tens digit of 50?
5
What is the tens digit of 3795?
9
What is the tens digit of 3276?
7
What is the units digit of 31939?
9
What is the thousands digit of 71323?
1
What is the units digit of 2044?
4
What is the thousands digit of 5278?
5
What is the thousands digit of 14456?
4
What is the hundreds digit of 2448?
4
What is the units digit of 7675?
5
What is the units digit of 479?
9
What is the ten thousands digit of 10400?
1
What is the ten thousands digit of 34556?
3
What is the hundreds digit of 769?
7
What is the hundreds digit of 17451?
4
What is the hundreds digit of 704?
7
What is the tens digit of 45974?
7
What is the hundreds digit of 2317?
3
What is the thousands digit of 8465?
8
What is the tens digit of 813?
1
What is the thousands digit of 30734?
0
What is the units digit of 80?
0
What is the thousands digit of 2313?
2
What is the hundreds digit of 12411?
4
What is the units digit of 132796?
6
What is the hundreds digit of 83894?
8
What is the units digit of 1673?
3
What is the thousands digit of 137421?
7
What is the thousands digit of 28922?
8
What is the hundreds digit of 272?
2
What is the hundreds digit of 4876?
8
What is the thousands digit of 1636?
1
What is the units digit of 2022?
2
What is the units digit of 732?
2
What is the hundreds digit of 8461?
4
What is the thousands digit of 7521?
7
What is the thousands digit of 4923?
4
What is the ten thousands digit of 147912?
4
What is the thousands digit of 9463?
9
What is the units digit of 28397?
7
What is the tens digit of 884?
8
What is the ten thousands digit of 19415?
1
What is the tens digit of 7869?
6
What is the units digit of 2913?
3
What is the thousands digit of 3583?
3
What is the ten thousands digit of 10126?
1
What is the ten thousands digit of 35051?
3
What is the units digit of 1305?
5
What is the thousands digit of 3440?
3
What is the units digit of 61?
1
What is the thousands digit of 8123?
8
What is the thousands digit of 1158?
1
What is the tens digit of 2126?
2
What is the thousands digit of 4449?
4
What is the thousands digit of 3556?
3
What is the hundreds digit of 11834?
8
What is the tens digit of 1019?
1
What is the tens digit of 16992?
9
What is the units digit of 962?
2
What is the tens digit of 4830?
3
What is the hundreds digit of 135?
1
What is the tens digit of 938?
3
What is the units digit of 35882?
2
What is the units digit of 13380?
0
What is the tens digit of 2771?
7
What is the hundreds digit of 47300?
3
What is the thousands digit of 9583?
9
What is the thousands digit of 21027?
1
What is the tens digit of 44482?
8
What is the hundreds digit of 806?
8
What is the thousands digit of 2652?
2
What is the hundreds digit of 34813?
8
What is the units digit of 36480?
0
What is the hundreds digit of 1087?
0
What is the hundreds digit of 18033?
0
What is the tens digit of 25237?
3
What is the units digit of 1790?
0
What is the hundreds digit of 188?
1
What is the tens digit of 945?
4
What is the units digit of 84?
4
What is the units digit of 71?
1
What is the hundreds digit of 5796?
7
What is the hundreds digit of 19403?
4
What is the thousands digit of 49483?
9
What is the units digit of 403?
3
What is the ten thousands digit of 63805?
6
What is the thousands digit of 38825?
8
What is the tens digit of 2516?
1
What is the hundreds digit of 307?
3
What is the thousands digit of 8292?
8
What is the tens digit of 951?
5
What is the hundreds digit of 4051?
0
What is the hundreds digit of 2385?
3
What is the thousands digit of 1660?
1
What is the ten thousands digit of 121508?
2
What is the hundreds digit of 18605?
6
What is the hundreds digit of 18083?
0
What is the thousands digit of 1967?
1
What is the thousands digit of 3652?
3
What is the tens digit of 13061?
6
What is the hundreds digit of 1832?
8
What is the tens digit of 4713?
1
What is the tens digit of 6141?
4
What is the thousands digit of 64581?
4
What is the tens digit of 2901?
0
What is the tens digit of 5535?
3
What is the hundreds digit of 948?
9
What is the units digit of 10964?
4
What is the tens digit of 665?
6
What is the thousands digit of 11145?
1
What is the thousands digit of 3068?
3
What is the thousands digit of 1330?
1
What is the thousands digit of 1447?
1
What is the ten thousands digit of 84818?
8
What is the units digit of 486?
6
What is the thousands digit of 6732?
6
What is the hundreds digit of 67099?
0
What is the hundreds digit of 35751?
7
What is the thousands digit of 9508?
9
What is the hundreds digit of 1141?
1
What is the units digit of 3559?
9
What is the tens digit of 652?
5
What is the thousands digit of 2993?
2
What is the tens digit of 4629?
2
What is the units digit of 121335?
5
What is the ten thousands digit of 20837?
2
What is the units digit of 46930?
0
What is the ten thousands digit of 16019?
1
What is the tens digit of 17554?
5
What is the hundreds digit of 125?
1
What is the tens digit of 49551?
5
What is the tens digit of 15214?
1
What is the hundreds digit of 30149?
1
What is the units digit of 52420?
0
What is the tens digit of 3952?
5
What is the units digit of 418?
8
What is the tens digit of 573?
7
What is the thousands digit of 1202?
1
What is the hundreds digit of 488?
4
What is the units digit of 367?
7
What is the hundreds digit of 4401?
4
What is the tens digit of 32578?
7
What is the units digit of 128950?
0
What is the hundreds digit of 1135?
1
What is the units digit of 39323?
3
What is the tens digit of 429?
2
What is the tens digit of 1978?
7
What is the thousands digit of 7082?
7
What is the hundreds digit of 292?
2
What is the tens digit of 7364?
6
What is the units digit of 960?
0
What is the tens digit of 997?
9
What is the units digit of 12019?
9
What is the units digit of 16011?
1
What is the hundreds digit of 16118?
1
What is the hundreds digit of 607?
6
What is the thousands digit of 2006?
2
What is the units digit of 1393?
3
What is the units digit of 649?
9
What is the tens digit of 1140?
4
What is the units digit of 1777?
7
What is the units digit of 84207?
7
What is the tens digit of 4318?
1
What is the units digit of 3776?
6
What is the hundreds digit of 1004?
0
What is the thousands digit of 2513?
2
What is the tens digit of 6112?
1
What is the units digit of 2?
2
What is the units digit of 604?
4
What is the units digit of 16642?
2
What is the tens digit of 8176?
7
What is the tens digit of 22679?
7
What is the ten thousands digit of 12155?
1
What is the thousands digit of 123168?
3
What is the hundreds digit of 75173?
1
What is the thousands digit of 18333?
8
What is the thousands digit of 26552?
6
What is the tens digit of 13381?
8
What is the tens digit of 11007?
0
What is the units digit of 47?
7
What is the thousands digit of 41715?
1
What is the tens digit of 1356?
5
What is the units digit of 84368?
8
What is the tens digit of 17466?
6
What is the tens digit of 11787?
8
What is the hundreds digit of 982?
9
What is the units digit of 52277?
7
What is the hundreds digit of 9808?
8
What is the units digit of 3171?
1
What is the tens digit of 15949?
4
What is the hundreds digit of 1335?
3
What is the hundreds 